4
Suppose 2*j = -3*d - 143, 0 = 5*j + 3*d + 63 + 272. Let k = j + 156. Calculate the highest common factor of 23 and k.
23
Let b be 67834/65 - (-24)/60. Calculate the greatest common factor of b and 1276.
116
Suppose 9 + 44 = p. Suppose -5*d = 3*m - 290, m - 2*d - p = 29. Calculate the highest common factor of m and 120.
30
Let w(h) = 9*h**3 - 4*h**2 + 16*h - 37. Let b be w(4). Suppose 4*c = 4*d + 436, -c - 4*c - d + b = 0. What is the highest common factor of c and 54?
54
Let r(m) = 35*m + 20. Let z be r(2). Suppose -g = -0*g - z. Calculate the highest common divisor of 210 and g.
30
Let j(z) = z**2 + 7*z + 5. Let b be j(5). Let v be ((26/(-3))/((-28)/(-210)))/(-1). What is the highest common divisor of b and v?
65
Let z(r) = 0*r**3 - 3 - r**3 + 3*r**2 + r - r**2 - 7*r**2. Let k be z(-4). Let n = 45 + k. What is the highest common factor of 11 and n?
11
Let r = -30 + 32. Suppose -4*p + 4 = r*u, 0 = p + 4*p + 10. Suppose 5*x - 14 = 3*q, 3*q - u*q - 6 = -3*x. What is the highest common divisor of 32 and x?
4
Let c be (260/(-169))/(24/(-156)). What is the greatest common divisor of c and 975?
5
Suppose 5*o - 5*s = 40, o + s + 5 - 3 = 0. Let y be -1*(0 - (2 + -1))*21. What is the greatest common divisor of y and o?
3
Suppose -31289 = 4*j - 31297. Let l be -2 + (-8)/6*-3. Calculate the greatest common divisor of l and j.
2
Suppose 106*i = 102*i. Suppose -39 + 9 = -4*m + 2*g, -4*m - g + 21 = i. Let q be m - (-3116)/44 - (-4)/22. What is the highest common divisor of 7 and q?
7
Suppose 33*q - 3*q + 28*q - 71862 = 0. What is the greatest common divisor of q and 63?
21
Let p(v) = -v**3 + 16*v**2 + 21*v - 14. Let r be p(17). Let q = 56 - r. Suppose -39 = -q*h - 11. What is the greatest common divisor of h and 7?
7
Suppose 0 = 7*n - 41 + 20. Let i = 24 + -11. Suppose -n*x + 11 = -i. What is the highest common divisor of 8 and x?
8
Suppose 0 = 26093*b - 26088*b - 5310. What is the greatest common divisor of b and 72?
18
Let y be 2 + 0/((-4)/2). Suppose -y*s = -0*s. Suppose s = -7*i - i + 72. What is the greatest common factor of i and 9?
9
Suppose -27*m + 66 + 258 = 0. Let f be m/(-5)*25/(-15) + 1164. What is the highest common factor of 73 and f?
73
Let f = -477 - -452. Let g be ((-7)/((-175)/320))/((-10)/f). What is the highest common factor of 352 and g?
32
Let r(n) = 3*n**2 + 16*n + 36. Let d(a) = a**2 + 2*a + 2. Let y(o) = 4*d(o) + r(o). Let p be y(-2). What is the highest common divisor of p and 6?
6
Let d(r) be the second derivative of r**3/2 - 27*r**2/2 + 3*r + 23. Let n be d(11). Calculate the highest common divisor of 12 and n.
6
Suppose -23039 = -56*r + 17281. Calculate the greatest common factor of 456 and r.
24
Let q = 3834 + -3666. Calculate the greatest common divisor of q and 112.
56
Let j(a) = -a**2 + 8*a - 1. Let x be j(7). Let c = -213625 + 213721. Calculate the highest common divisor of x and c.
6
Let y(b) = 47*b**2 + 1872*b - 293. Let i be y(-40). Let h be 9/(1*(-2)/(-6)). Calculate the highest common divisor of h and i.
27
Suppose 10*k + 6000 = -15*k. Let y be ((-162)/(-8))/((-45)/k). What is the greatest common divisor of y and 48?
12
Let x be 539 + (-1)/((-13)/(-143)). Calculate the highest common factor of x and 1716.
132
Suppose 0 = 2*p - 7*p + 100. Let t = -743 - -1277. Let o = -484 + t. Calculate the greatest common divisor of p and o.
10
Let m = 88 - 63. Suppose -g + m = 6*z - 3*z, 4*z = 0. Suppose 5*j + 3*l = 22, -4*l = 5*j - 3*l - 24. What is the greatest common factor of g and j?
5
Let p = 277 + -83. Suppose 0 = -9*w + p + 1255. What is the highest common factor of w and 21?
7
Suppose n + 2*m = -6, -14*n + 18*n + 5*m + 9 = 0. Let o = 2 - -1. Suppose 5*y - 49 = 4*x + o, 5*x - 22 = -y. Calculate the highest common divisor of n and y.
4
Let m(p) = -26*p. Let b(x) = -5*x. Let w(n) = -11*b(n) + 2*m(n). Let h be w(3). Suppose 5*f - h*f + 96 = 0. What is the greatest common divisor of 72 and f?
24
Suppose -19*y = 6*y - 43 - 957. What is the greatest common factor of y and 5000?
40
Let i(b) = -83*b - 185. Let u be i(-5). Suppose -r = -0*r - w - 88, -480 = -5*r - 5*w. Calculate the greatest common divisor of u and r.
46
Let g(o) be the first derivative of 31 - 1/2*o**2 + 22*o. Let t be g(-10). What is the highest common factor of t and 4?
4
Suppose -2*s + 2*l = -32, 4*l + 74 + 5 = 5*s. Suppose -48 - 52 + 0 = -100*x. Let d be -5*((-3)/s)/x. What is the greatest common divisor of d and 4?
1
Suppose 0 = w - 76 + 215. Let v = w - -409. What is the highest common factor of v and 20?
10
Suppose 181 + 155 = 16*m. Suppose 25 = -m*r + 22*r. Calculate the greatest common factor of r and 150.
25
Suppose -7*h + 9*h + 9 = 3*z, -2*h + 21 = 3*z. Suppose 2046 = z*f - 54. Calculate the highest common divisor of f and 42.
42
Let x be -3*2/(-6)*(3 + 1). Suppose -5*k = x*a + 15 - 68, -a - 3*k = -8. Let t be 0/(-2) + -4 + 21. Calculate the greatest common divisor of a and t.
17
Let w = 96 - 50. Suppose -2*t - r = -w, 2*t - 2*r - 3*r - 70 = 0. What is the greatest common factor of 2 and t?
1
Suppose -4 - 20 = 2*l - 2*c, -5*l = -c + 40. Let m be (-2)/l - 47630/(-385). Calculate the greatest common factor of 2 and m.
2
Suppose -2*m + 95 = -489. Suppose 4*u + 4*d - m = 0, 0*u + 345 = 5*u + d. Calculate the greatest common factor of 340 and u.
68
Suppose 7*b - 17782 + 737 = 0. Suppose -853 - b = -3*j. Suppose r + 4 = 0, -5*l + l - 5*r = -j. Calculate the greatest common factor of 31 and l.
31
Let p = -5367 - -5463. Calculate the highest common divisor of 40752 and p.
48
Suppose 0 = -67*c + 68*c + 1267. Let o = 1414 + c. Let l be (-2 + -12)/(-2)*14. What is the greatest common factor of o and l?
49
Suppose 56*x - 10199 - 18585 = 0. Calculate the greatest common divisor of 3 and x.
1
Let v be (3*1)/((-57)/38). Let n be (-218)/(-12) - v/(-36)*3. Calculate the highest common divisor of 450 and n.
18
Let w = 5415 - 3444. What is the highest common factor of 189 and w?
27
Suppose -9*u + 7*u - q + 101 = 0, 5*u - 247 = 3*q. What is the greatest common factor of 790 and u?
10
Suppose 5*h - 3*p + 22 = 0, 0 = h + 2*h - p + 14. Let a be ((-8)/(-4))/(h/150). Let g = -50 - a. What is the greatest common factor of g and 5?
5
Suppose 5*w + 604 = 8*u - 5*u, u - 188 = -5*w. What is the highest common factor of u and 363?
33
Let x be 1*44*7/28. Suppose 0 = -x*p + 7*p - z + 195, 120 = 2*p - 4*z. Calculate the highest common factor of 25 and p.
25
Let v be ((-300)/9)/5*(-3960)/50. Let q = 626 - v. What is the highest common factor of 84 and q?
14
Let a be 11 + -17 - -3031 - (-9 + 0 + 2). What is the highest common factor of a and 6443?
379
Suppose -1849 = -129*k + 86. What is the highest common divisor of k and 53?
1
Suppose 4452 = -6*u - 0*u. Let x = u - -846. What is the greatest common factor of x and 48?
8
Let c = 182 - -192. Suppose -3*b + 66 = 5*t, 15*b - 66 = 12*b - t. Calculate the highest common divisor of b and c.
22
Suppose r - f = 231, -3*r + 49*f - 51*f + 658 = 0. What is the greatest common divisor of r and 3556?
28
Suppose 5*q + 4*o - 6*o = 75, -4*q = -5*o - 60. Let p be (q/(-50)*4)/(1/(-35)). What is the highest common factor of 280 and p?
14
Suppose -3*x - 115 = -d, 594 = 6*d - d + 4*x. What is the greatest common factor of 472 and d?
118
Suppose -2*p + 2*o + 6593 = -83, -3*o - 3340 = -p. Calculate the highest common factor of 94 and p.
47
Let t(j) = 2*j**2 - 43*j + 69. Let i be t(23). Let w be 2/(((-36)/i)/(-3)). Calculate the highest common factor of w and 3.
1
Let a(b) = 484*b**2 - 41*b - 86. Let l be a(-2). Calculate the highest common divisor of 252 and l.
84
Let a(q) = -q**2 - 38*q - 143. Let b be a(-33). Suppose -b*x - 1584 = -46*x. Calculate the greatest common factor of 187 and x.
11
Suppose 7*w + 2*r = 4*w + 154, -5*r = 5*w - 255. Let p be 7 - (-9 + (3 - -9)). What is the highest common factor of p and w?
4
Let x be 2 + (3 - 4)*188. Let d = 81 + x. Let c = d + 193. Calculate the greatest common divisor of 22 and c.
22
Let q be (69/27 - (-212)/477)*1516. What is the highest common factor of q and 24?
12
Suppose 106*i - 73646 - 81385 + 41081 = 0. Calculate the highest common divisor of 172 and i.
43
Let z(a) = -26*a - 83. Let f = -73 - -66. Let c be z(f). Let u = 32 + -23. Calculate the greatest common divisor of c and u.
9
Suppose 3*t - 5*s - 970 